{"id":47,"date":"2025-04-23T10:39:17","date_gmt":"2025-04-23T10:39:17","guid":{"rendered":"https:\/\/v16.cifra.es\/index.php\/homepage\/"},"modified":"2025-05-14T08:44:07","modified_gmt":"2025-05-14T08:44:07","slug":"homepage","status":"publish","type":"page","link":"https:\/\/v16.cifra.es\/","title":{"rendered":"Homepage"},"content":{"rendered":"\t\t<div data-elementor-type=\"wp-page\" data-elementor-id=\"47\" class=\"elementor elementor-47\">\n\t\t\t\t<div class=\"elementor-element elementor-element-3835c8d e-flex e-con-boxed elementor-invisible e-con e-parent\" data-id=\"3835c8d\" data-element_type=\"container\" data-settings=\"{&quot;animation&quot;:&quot;fadeIn&quot;}\">\n\t\t\t\t\t<div class=\"e-con-inner\">\n\t\t\t\t<div class=\"elementor-element elementor-element-4170cef7 elementor-widget elementor-widget-flex-hero\" data-id=\"4170cef7\" data-element_type=\"widget\" data-settings=\"{&quot;image_shape&quot;:&quot;rounded&quot;,&quot;layout_image_position_tablet&quot;:&quot;end&quot;,&quot;layout_preset&quot;:&quot;showcase&quot;,&quot;layout_image_position&quot;:&quot;end&quot;,&quot;primary_button_shape&quot;:&quot;default&quot;,&quot;box_shape&quot;:&quot;sharp&quot;}\" data-widget_type=\"flex-hero.default\">\n\t\t\t\t<div class=\"elementor-widget-container\">\n\t\t\t\t\t\t\t<div class=\"has-shape-sharp shape-type-box ehp-flex-hero has-layout-preset-showcase has-image-position-end has-image-position-md-end\">\n\t\t\t\t\t\t<div class=\"ehp-flex-hero__overlay\"><\/div>\n\t\t\t<div class=\"ehp-flex-hero__content-container\">\n\t\t\t\t<p class=\"ehp-flex-hero__intro\">IDIADA PC25040259<\/p><h2 class=\"ehp-flex-hero__heading\">LUZ DE EMERGENCIA V16 GEOLOCALIZADA<\/h2><h3 class=\"ehp-flex-hero__subheading\">Certificada y autorizada por la DGT<\/h3>\t\t\t<div class=\"ehp-flex-hero__ctas-container\">\n\t\t\t\t\t\t\t\t\t\t\t<\/div>\n\t\t\t\t\t<\/div>\n\t\t\t\t<div class=\"ehp-flex-hero__image-wrapper\">\n\t\t\t\t\t<div class=\"ehp-image ehp-flex-hero__image-container\">\n\t\t\t\t<img decoding=\"async\" class=\"ehp-image__img ehp-flex-hero__img has-shape-rounded shape-type-image\" src=\"https:\/\/v16.cifra.es\/wp-content\/uploads\/2025\/04\/IMG_9515-scaled.jpg\" title=\"IMG_9515\" alt=\"IMG_9515\" loading=\"lazy\" \/>\t\t\t<\/div>\n\t\t\t\t\t<\/div>\n\t\t\t\t<\/div>\n\t\t\t\t\t\t<\/div>\n\t\t\t\t<\/div>\n\t\t\t\t\t<\/div>\n\t\t\t\t<\/div>\n\t\t<div class=\"elementor-element elementor-element-abfa831 e-flex e-con-boxed elementor-invisible e-con e-parent\" data-id=\"abfa831\" data-element_type=\"container\" data-settings=\"{&quot;animation&quot;:&quot;fadeIn&quot;}\">\n\t\t\t\t\t<div class=\"e-con-inner\">\n\t\t\t\t<div class=\"elementor-element elementor-element-57547be3 elementor-widget elementor-widget-image-carousel\" data-id=\"57547be3\" data-element_type=\"widget\" data-settings=\"{&quot;slides_to_show&quot;:&quot;3&quot;,&quot;slides_to_scroll&quot;:&quot;2&quot;,&quot;navigation&quot;:&quot;none&quot;,&quot;lazyload&quot;:&quot;yes&quot;,&quot;image_spacing_custom&quot;:{&quot;unit&quot;:&quot;px&quot;,&quot;size&quot;:100,&quot;sizes&quot;:[]},&quot;autoplay&quot;:&quot;yes&quot;,&quot;pause_on_hover&quot;:&quot;yes&quot;,&quot;autoplay_speed&quot;:5000,&quot;infinite&quot;:&quot;yes&quot;,&quot;speed&quot;:500,&quot;image_spacing_custom_tablet&quot;:{&quot;unit&quot;:&quot;px&quot;,&quot;size&quot;:&quot;&quot;,&quot;sizes&quot;:[]},&quot;image_spacing_custom_mobile&quot;:{&quot;unit&quot;:&quot;px&quot;,&quot;size&quot;:&quot;&quot;,&quot;sizes&quot;:[]}}\" data-widget_type=\"image-carousel.default\">\n\t\t\t\t<div class=\"elementor-widget-container\">\n\t\t\t\t\t\t\t<div class=\"elementor-image-carousel-wrapper swiper\" role=\"region\" aria-roledescription=\"carousel\" aria-label=\"Image Carousel\" dir=\"ltr\">\n\t\t\t<div class=\"elementor-image-carousel swiper-wrapper\" aria-live=\"off\">\n\t\t\t\t\t\t\t\t<div class=\"swiper-slide\" role=\"group\" aria-roledescription=\"slide\" aria-label=\"1 de 3\"><figure class=\"swiper-slide-inner\"><img class=\"swiper-slide-image swiper-lazy\" data-src=\"https:\/\/v16.cifra.es\/wp-content\/uploads\/2025\/04\/DGT_logo.svg.png\" alt=\"DGT_logo.svg\" \/><div class=\"swiper-lazy-preloader\"><\/div><\/figure><\/div><div class=\"swiper-slide\" role=\"group\" aria-roledescription=\"slide\" aria-label=\"2 de 3\"><figure class=\"swiper-slide-inner\"><img class=\"swiper-slide-image swiper-lazy\" data-src=\"https:\/\/v16.cifra.es\/wp-content\/uploads\/2025\/04\/Telefonica_2021_logo.svg.png\" alt=\"Telef\u00f3nica_2021_logo.svg\" \/><div class=\"swiper-lazy-preloader\"><\/div><\/figure><\/div><div class=\"swiper-slide\" role=\"group\" aria-roledescription=\"slide\" aria-label=\"3 de 3\"><figure class=\"swiper-slide-inner\"><img class=\"swiper-slide-image swiper-lazy\" data-src=\"https:\/\/v16.cifra.es\/wp-content\/uploads\/2025\/04\/logo-1.png\" alt=\"logo\" \/><div class=\"swiper-lazy-preloader\"><\/div><\/figure><\/div>\t\t\t<\/div>\n\t\t\t\t\t\t\t\n\t\t\t\t\t\t\t\t\t<\/div>\n\t\t\t\t\t\t<\/div>\n\t\t\t\t<\/div>\n\t\t\t\t<div class=\"elementor-element elementor-element-dbb8da2 elementor-widget elementor-widget-spacer\" data-id=\"dbb8da2\" data-element_type=\"widget\" data-widget_type=\"spacer.default\">\n\t\t\t\t<div class=\"elementor-widget-container\">\n\t\t\t\t\t\t\t<div class=\"elementor-spacer\">\n\t\t\t<div class=\"elementor-spacer-inner\"><\/div>\n\t\t<\/div>\n\t\t\t\t\t\t<\/div>\n\t\t\t\t<\/div>\n\t\t\t\t<div class=\"elementor-element elementor-element-4fca60f elementor-widget elementor-widget-spacer\" data-id=\"4fca60f\" data-element_type=\"widget\" data-widget_type=\"spacer.default\">\n\t\t\t\t<div class=\"elementor-widget-container\">\n\t\t\t\t\t\t\t<div class=\"elementor-spacer\">\n\t\t\t<div class=\"elementor-spacer-inner\"><\/div>\n\t\t<\/div>\n\t\t\t\t\t\t<\/div>\n\t\t\t\t<\/div>\n\t\t\t\t\t<\/div>\n\t\t\t\t<\/div>\n\t\t<div class=\"elementor-element elementor-element-44f60c48 e-grid e-con-boxed elementor-invisible e-con e-parent\" data-id=\"44f60c48\" data-element_type=\"container\" data-settings=\"{&quot;background_background&quot;:&quot;classic&quot;,&quot;animation&quot;:&quot;fadeIn&quot;}\">\n\t\t\t\t\t<div class=\"e-con-inner\">\n\t\t<div class=\"elementor-element elementor-element-21247863 e-con-full e-flex e-con e-child\" data-id=\"21247863\" data-element_type=\"container\">\n\t\t<div class=\"elementor-element elementor-element-30eae623 e-con-full e-flex e-con e-child\" data-id=\"30eae623\" data-element_type=\"container\">\n\t\t\t\t<div class=\"elementor-element elementor-element-035eede elementor-widget elementor-widget-image\" data-id=\"035eede\" data-element_type=\"widget\" data-widget_type=\"image.default\">\n\t\t\t\t<div class=\"elementor-widget-container\">\n\t\t\t\t\t\t\t\t\t\t\t\t\t\t\t<img decoding=\"async\" width=\"32\" height=\"32\" src=\"https:\/\/v16.cifra.es\/wp-content\/uploads\/2025\/04\/logo1.svg\" class=\"attachment-large size-large wp-image-103\" alt=\"\" \/>\t\t\t\t\t\t\t\t\t\t\t\t\t\t\t<\/div>\n\t\t\t\t<\/div>\n\t\t\t\t<\/div>\n\t\t<div class=\"elementor-element elementor-element-505f3a12 e-con-full e-flex e-con e-child\" data-id=\"505f3a12\" data-element_type=\"container\">\n\t\t\t\t<div class=\"elementor-element elementor-element-5ab1b6ea elementor-widget elementor-widget-heading\" data-id=\"5ab1b6ea\" data-element_type=\"widget\" data-widget_type=\"heading.default\">\n\t\t\t\t<div class=\"elementor-widget-container\">\n\t\t\t\t\t<h2 class=\"elementor-heading-title elementor-size-default\">conectada con telef\u00f3nica tech<\/h2>\t\t\t\t<\/div>\n\t\t\t\t<\/div>\n\t\t\t\t<\/div>\n\t\t\t\t<div class=\"elementor-element elementor-element-1b79a381 elementor-widget-divider--view-line elementor-widget elementor-widget-divider\" data-id=\"1b79a381\" data-element_type=\"widget\" data-widget_type=\"divider.default\">\n\t\t\t\t<div class=\"elementor-widget-container\">\n\t\t\t\t\t\t\t<div class=\"elementor-divider\">\n\t\t\t<span class=\"elementor-divider-separator\">\n\t\t\t\t\t\t<\/span>\n\t\t<\/div>\n\t\t\t\t\t\t<\/div>\n\t\t\t\t<\/div>\n\t\t\t\t<\/div>\n\t\t<div class=\"elementor-element elementor-element-6ecc0844 e-con-full e-flex e-con e-child\" data-id=\"6ecc0844\" data-element_type=\"container\">\n\t\t<div class=\"elementor-element elementor-element-7bd8beec e-con-full e-flex e-con e-child\" data-id=\"7bd8beec\" data-element_type=\"container\">\n\t\t\t\t<div class=\"elementor-element elementor-element-a6f01da elementor-widget elementor-widget-image\" data-id=\"a6f01da\" data-element_type=\"widget\" data-widget_type=\"image.default\">\n\t\t\t\t<div class=\"elementor-widget-container\">\n\t\t\t\t\t\t\t\t\t\t\t\t\t\t\t<img decoding=\"async\" width=\"32\" height=\"32\" src=\"https:\/\/v16.cifra.es\/wp-content\/uploads\/2025\/04\/logo22.svg\" class=\"attachment-large size-large wp-image-104\" alt=\"\" \/>\t\t\t\t\t\t\t\t\t\t\t\t\t\t\t<\/div>\n\t\t\t\t<\/div>\n\t\t\t\t<\/div>\n\t\t<div class=\"elementor-element elementor-element-50455fb9 e-con-full e-flex e-con e-child\" data-id=\"50455fb9\" data-element_type=\"container\">\n\t\t\t\t<div class=\"elementor-element elementor-element-573c664f elementor-widget elementor-widget-heading\" data-id=\"573c664f\" data-element_type=\"widget\" data-widget_type=\"heading.default\">\n\t\t\t\t<div class=\"elementor-widget-container\">\n\t\t\t\t\t<h1 class=\"elementor-heading-title elementor-size-default\">HASTA 01\/2038<br>DATOS INCLUIDOS<\/h1>\t\t\t\t<\/div>\n\t\t\t\t<\/div>\n\t\t\t\t<\/div>\n\t\t\t\t<div class=\"elementor-element elementor-element-3806429e elementor-widget-divider--view-line elementor-widget elementor-widget-divider\" data-id=\"3806429e\" data-element_type=\"widget\" data-widget_type=\"divider.default\">\n\t\t\t\t<div class=\"elementor-widget-container\">\n\t\t\t\t\t\t\t<div class=\"elementor-divider\">\n\t\t\t<span class=\"elementor-divider-separator\">\n\t\t\t\t\t\t<\/span>\n\t\t<\/div>\n\t\t\t\t\t\t<\/div>\n\t\t\t\t<\/div>\n\t\t\t\t<\/div>\n\t\t<div class=\"elementor-element elementor-element-6d08889a e-con-full e-flex e-con e-child\" data-id=\"6d08889a\" data-element_type=\"container\">\n\t\t<div class=\"elementor-element elementor-element-668ef6ec e-con-full e-flex e-con e-child\" data-id=\"668ef6ec\" data-element_type=\"container\">\n\t\t\t\t<div class=\"elementor-element elementor-element-04c5697 elementor-widget elementor-widget-image\" data-id=\"04c5697\" data-element_type=\"widget\" data-widget_type=\"image.default\">\n\t\t\t\t<div class=\"elementor-widget-container\">\n\t\t\t\t\t\t\t\t\t\t\t\t\t\t\t<img decoding=\"async\" width=\"28\" height=\"28\" src=\"https:\/\/v16.cifra.es\/wp-content\/uploads\/2025\/04\/logo33.svg\" class=\"attachment-large size-large wp-image-105\" alt=\"\" \/>\t\t\t\t\t\t\t\t\t\t\t\t\t\t\t<\/div>\n\t\t\t\t<\/div>\n\t\t\t\t<\/div>\n\t\t<div class=\"elementor-element elementor-element-100343cd e-con-full e-flex e-con e-child\" data-id=\"100343cd\" data-element_type=\"container\">\n\t\t\t\t<div class=\"elementor-element elementor-element-67df2231 elementor-widget elementor-widget-heading\" data-id=\"67df2231\" data-element_type=\"widget\" data-widget_type=\"heading.default\">\n\t\t\t\t<div class=\"elementor-widget-container\">\n\t\t\t\t\t<h2 class=\"elementor-heading-title elementor-size-default\">PILAS ALCALINAS<br>3XLR6 AA<\/h2>\t\t\t\t<\/div>\n\t\t\t\t<\/div>\n\t\t\t\t<\/div>\n\t\t\t\t<div class=\"elementor-element elementor-element-5b13ce4b elementor-widget-divider--view-line elementor-widget elementor-widget-divider\" data-id=\"5b13ce4b\" data-element_type=\"widget\" data-widget_type=\"divider.default\">\n\t\t\t\t<div class=\"elementor-widget-container\">\n\t\t\t\t\t\t\t<div class=\"elementor-divider\">\n\t\t\t<span class=\"elementor-divider-separator\">\n\t\t\t\t\t\t<\/span>\n\t\t<\/div>\n\t\t\t\t\t\t<\/div>\n\t\t\t\t<\/div>\n\t\t\t\t<\/div>\n\t\t<div class=\"elementor-element elementor-element-47801527 e-con-full e-flex e-con e-child\" data-id=\"47801527\" data-element_type=\"container\">\n\t\t<div class=\"elementor-element elementor-element-4f2d4dc7 e-con-full e-flex e-con e-child\" data-id=\"4f2d4dc7\" data-element_type=\"container\">\n\t\t\t\t<div class=\"elementor-element elementor-element-a101d49 elementor-widget elementor-widget-image\" data-id=\"a101d49\" data-element_type=\"widget\" data-widget_type=\"image.default\">\n\t\t\t\t<div class=\"elementor-widget-container\">\n\t\t\t\t\t\t\t\t\t\t\t\t\t\t\t<img loading=\"lazy\" decoding=\"async\" width=\"28\" height=\"28\" src=\"https:\/\/v16.cifra.es\/wp-content\/uploads\/2025\/05\/icono.svg\" class=\"attachment-large size-large wp-image-132\" alt=\"\" \/>\t\t\t\t\t\t\t\t\t\t\t\t\t\t\t<\/div>\n\t\t\t\t<\/div>\n\t\t\t\t<\/div>\n\t\t<div class=\"elementor-element elementor-element-835aaa7 e-con-full e-flex e-con e-child\" data-id=\"835aaa7\" data-element_type=\"container\">\n\t\t\t\t<div class=\"elementor-element elementor-element-3a33f4d8 elementor-widget elementor-widget-heading\" data-id=\"3a33f4d8\" data-element_type=\"widget\" data-widget_type=\"heading.default\">\n\t\t\t\t<div class=\"elementor-widget-container\">\n\t\t\t\t\t<h2 class=\"elementor-heading-title elementor-size-default\">autonom\u00eda m\u00e1xima<br>2,5 HORAS<\/h2>\t\t\t\t<\/div>\n\t\t\t\t<\/div>\n\t\t\t\t<\/div>\n\t\t\t\t<\/div>\n\t\t<div class=\"elementor-element elementor-element-45158d0 e-con-full e-flex e-con e-child\" data-id=\"45158d0\" data-element_type=\"container\">\n\t\t<div class=\"elementor-element elementor-element-ded63d3 e-con-full e-flex e-con e-child\" data-id=\"ded63d3\" data-element_type=\"container\">\n\t\t\t\t<div class=\"elementor-element elementor-element-67c123f elementor-widget elementor-widget-image\" data-id=\"67c123f\" data-element_type=\"widget\" data-widget_type=\"image.default\">\n\t\t\t\t<div class=\"elementor-widget-container\">\n\t\t\t\t\t\t\t\t\t\t\t\t\t\t\t<img loading=\"lazy\" decoding=\"async\" width=\"28\" height=\"28\" src=\"https:\/\/v16.cifra.es\/wp-content\/uploads\/2025\/04\/logo55.svg\" class=\"attachment-large size-large wp-image-107\" alt=\"\" \/>\t\t\t\t\t\t\t\t\t\t\t\t\t\t\t<\/div>\n\t\t\t\t<\/div>\n\t\t\t\t<\/div>\n\t\t<div class=\"elementor-element elementor-element-6f3e7da e-con-full e-flex e-con e-child\" data-id=\"6f3e7da\" data-element_type=\"container\">\n\t\t\t\t<div class=\"elementor-element elementor-element-3e6ef86 elementor-widget elementor-widget-heading\" data-id=\"3e6ef86\" data-element_type=\"widget\" data-widget_type=\"heading.default\">\n\t\t\t\t<div class=\"elementor-widget-container\">\n\t\t\t\t\t<h2 class=\"elementor-heading-title elementor-size-default\">BASE MAGN\u00c9TICA<\/h2>\t\t\t\t<\/div>\n\t\t\t\t<\/div>\n\t\t\t\t<\/div>\n\t\t\t\t<\/div>\n\t\t<div class=\"elementor-element elementor-element-e0f2ead e-con-full e-flex e-con e-child\" data-id=\"e0f2ead\" data-element_type=\"container\">\n\t\t<div class=\"elementor-element elementor-element-1ecbdd1 e-con-full e-flex e-con e-child\" data-id=\"1ecbdd1\" data-element_type=\"container\">\n\t\t\t\t<div class=\"elementor-element elementor-element-41d0a39 elementor-widget elementor-widget-image\" data-id=\"41d0a39\" data-element_type=\"widget\" data-widget_type=\"image.default\">\n\t\t\t\t<div class=\"elementor-widget-container\">\n\t\t\t\t\t\t\t\t\t\t\t\t\t\t\t<img loading=\"lazy\" decoding=\"async\" width=\"28\" height=\"28\" src=\"https:\/\/v16.cifra.es\/wp-content\/uploads\/2025\/04\/logo66.svg\" class=\"attachment-large size-large wp-image-102\" alt=\"\" \/>\t\t\t\t\t\t\t\t\t\t\t\t\t\t\t<\/div>\n\t\t\t\t<\/div>\n\t\t\t\t<\/div>\n\t\t<div class=\"elementor-element elementor-element-de83375 e-con-full e-flex e-con e-child\" data-id=\"de83375\" data-element_type=\"container\">\n\t\t\t\t<div class=\"elementor-element elementor-element-465493e elementor-widget elementor-widget-heading\" data-id=\"465493e\" data-element_type=\"widget\" data-widget_type=\"heading.default\">\n\t\t\t\t<div class=\"elementor-widget-container\">\n\t\t\t\t\t<h2 class=\"elementor-heading-title elementor-size-default\">impermeable IP54<\/h2>\t\t\t\t<\/div>\n\t\t\t\t<\/div>\n\t\t\t\t<\/div>\n\t\t\t\t<\/div>\n\t\t\t\t\t<\/div>\n\t\t\t\t<\/div>\n\t\t<div class=\"elementor-element elementor-element-78f9b581 e-flex e-con-boxed elementor-invisible e-con e-parent\" data-id=\"78f9b581\" data-element_type=\"container\" data-settings=\"{&quot;animation&quot;:&quot;fadeIn&quot;}\">\n\t\t\t\t\t<div class=\"e-con-inner\">\n\t\t<div class=\"elementor-element elementor-element-3f316f42 e-con-full e-flex e-con e-child\" data-id=\"3f316f42\" data-element_type=\"container\">\n\t\t\t\t<div class=\"elementor-element elementor-element-24341087 elementor-widget elementor-widget-image\" data-id=\"24341087\" data-element_type=\"widget\" data-widget_type=\"image.default\">\n\t\t\t\t<div class=\"elementor-widget-container\">\n\t\t\t\t\t\t\t\t\t\t\t\t\t\t\t\t<a href=\"https:\/\/cifra.es\/\">\n\t\t\t\t\t\t\t<img loading=\"lazy\" decoding=\"async\" width=\"2560\" height=\"2084\" src=\"https:\/\/v16.cifra.es\/wp-content\/uploads\/2025\/04\/8-scaled.png\" class=\"elementor-animation-shrink attachment-full size-full wp-image-94\" alt=\"\" srcset=\"https:\/\/v16.cifra.es\/wp-content\/uploads\/2025\/04\/8-scaled.png 2560w, https:\/\/v16.cifra.es\/wp-content\/uploads\/2025\/04\/8-300x244.png 300w, https:\/\/v16.cifra.es\/wp-content\/uploads\/2025\/04\/8-1024x834.png 1024w, https:\/\/v16.cifra.es\/wp-content\/uploads\/2025\/04\/8-768x625.png 768w, https:\/\/v16.cifra.es\/wp-content\/uploads\/2025\/04\/8-1536x1250.png 1536w, https:\/\/v16.cifra.es\/wp-content\/uploads\/2025\/04\/8-2048x1667.png 2048w\" sizes=\"(max-width: 2560px) 100vw, 2560px\" \/>\t\t\t\t\t\t\t\t<\/a>\n\t\t\t\t\t\t\t\t\t\t\t\t\t\t\t<\/div>\n\t\t\t\t<\/div>\n\t\t\t\t<div class=\"elementor-element elementor-element-1d8c910 elementor-widget elementor-widget-image\" data-id=\"1d8c910\" data-element_type=\"widget\" data-widget_type=\"image.default\">\n\t\t\t\t<div class=\"elementor-widget-container\">\n\t\t\t\t\t\t\t\t\t\t\t\t\t\t\t\t<a href=\"https:\/\/cifra.es\/\">\n\t\t\t\t\t\t\t<img loading=\"lazy\" decoding=\"async\" width=\"800\" height=\"760\" src=\"https:\/\/v16.cifra.es\/wp-content\/uploads\/2025\/04\/IMG_9503-1024x973.png\" class=\"elementor-animation-shrink attachment-large size-large wp-image-90\" alt=\"\" srcset=\"https:\/\/v16.cifra.es\/wp-content\/uploads\/2025\/04\/IMG_9503-1024x973.png 1024w, https:\/\/v16.cifra.es\/wp-content\/uploads\/2025\/04\/IMG_9503-300x285.png 300w, https:\/\/v16.cifra.es\/wp-content\/uploads\/2025\/04\/IMG_9503-768x730.png 768w, https:\/\/v16.cifra.es\/wp-content\/uploads\/2025\/04\/IMG_9503-1536x1460.png 1536w, https:\/\/v16.cifra.es\/wp-content\/uploads\/2025\/04\/IMG_9503-2048x1946.png 2048w\" sizes=\"(max-width: 800px) 100vw, 800px\" \/>\t\t\t\t\t\t\t\t<\/a>\n\t\t\t\t\t\t\t\t\t\t\t\t\t\t\t<\/div>\n\t\t\t\t<\/div>\n\t\t\t\t<\/div>\n\t\t<div class=\"elementor-element elementor-element-3d32cd9f e-con-full e-flex e-con e-child\" data-id=\"3d32cd9f\" data-element_type=\"container\">\n\t\t\t\t<div class=\"elementor-element elementor-element-289117b6 elementor-widget elementor-widget-heading\" data-id=\"289117b6\" data-element_type=\"widget\" data-widget_type=\"heading.default\">\n\t\t\t\t<div class=\"elementor-widget-container\">\n\t\t\t\t\t<h1 class=\"elementor-heading-title elementor-size-default\">MODELO: CH-009<\/h1>\t\t\t\t<\/div>\n\t\t\t\t<\/div>\n\t\t\t\t<div class=\"elementor-element elementor-element-d17ab4b elementor-widget__width-initial elementor-widget elementor-widget-image\" data-id=\"d17ab4b\" data-element_type=\"widget\" data-widget_type=\"image.default\">\n\t\t\t\t<div class=\"elementor-widget-container\">\n\t\t\t\t\t\t\t\t\t\t\t\t\t\t\t\t<a href=\"https:\/\/cifra.es\/\">\n\t\t\t\t\t\t\t<img loading=\"lazy\" decoding=\"async\" width=\"1896\" height=\"1918\" src=\"https:\/\/v16.cifra.es\/wp-content\/uploads\/2025\/04\/IMG_9500.png\" class=\"elementor-animation-shrink attachment-full size-full wp-image-91\" alt=\"\" srcset=\"https:\/\/v16.cifra.es\/wp-content\/uploads\/2025\/04\/IMG_9500.png 1896w, https:\/\/v16.cifra.es\/wp-content\/uploads\/2025\/04\/IMG_9500-297x300.png 297w, https:\/\/v16.cifra.es\/wp-content\/uploads\/2025\/04\/IMG_9500-1012x1024.png 1012w, https:\/\/v16.cifra.es\/wp-content\/uploads\/2025\/04\/IMG_9500-768x777.png 768w, https:\/\/v16.cifra.es\/wp-content\/uploads\/2025\/04\/IMG_9500-1518x1536.png 1518w\" sizes=\"(max-width: 1896px) 100vw, 1896px\" \/>\t\t\t\t\t\t\t\t<\/a>\n\t\t\t\t\t\t\t\t\t\t\t\t\t\t\t<\/div>\n\t\t\t\t<\/div>\n\t\t\t\t<\/div>\n\t\t\t\t\t<\/div>\n\t\t\t\t<\/div>\n\t\t\t\t<\/div>\n\t\t","protected":false},"excerpt":{"rendered":"<p>IDIADA PC25040259 LUZ DE EMERGENCIA V16 GEOLOCALIZADA Certificada y autorizada por la DGT conectada con telef\u00f3nica tech HASTA 01\/2038DATOS INCLUIDOS PILAS ALCALINAS3XLR6 AA autonom\u00eda m\u00e1xima2,5 HORAS BASE MAGN\u00c9TICA impermeable IP54 MODELO: CH-009<\/p>\n","protected":false},"author":1,"featured_media":0,"parent":0,"menu_order":0,"comment_status":"closed","ping_status":"closed","template":"elementor_header_footer","meta":{"footnotes":""},"class_list":["post-47","page","type-page","status-publish","hentry"],"_links":{"self":[{"href":"https:\/\/v16.cifra.es\/index.php\/wp-json\/wp\/v2\/pages\/47","targetHints":{"allow":["GET"]}}],"collection":[{"href":"https:\/\/v16.cifra.es\/index.php\/wp-json\/wp\/v2\/pages"}],"about":[{"href":"https:\/\/v16.cifra.es\/index.php\/wp-json\/wp\/v2\/types\/page"}],"author":[{"embeddable":true,"href":"https:\/\/v16.cifra.es\/index.php\/wp-json\/wp\/v2\/users\/1"}],"replies":[{"embeddable":true,"href":"https:\/\/v16.cifra.es\/index.php\/wp-json\/wp\/v2\/comments?post=47"}],"version-history":[{"count":40,"href":"https:\/\/v16.cifra.es\/index.php\/wp-json\/wp\/v2\/pages\/47\/revisions"}],"predecessor-version":[{"id":135,"href":"https:\/\/v16.cifra.es\/index.php\/wp-json\/wp\/v2\/pages\/47\/revisions\/135"}],"wp:attachment":[{"href":"https:\/\/v16.cifra.es\/index.php\/wp-json\/wp\/v2\/media?parent=47"}],"curies":[{"name":"wp","href":"https:\/\/api.w.org\/{rel}","templated":true}]}}